(-1)?
-1
Let o(h) = 193*h - 4063. Calculate o(36).
2885
Let b(n) = -102*n**3 + 44*n**2 + 8*n - 19. Calculate b(2).
-643
Let u(q) = -659*q - 651. Determine u(-1).
8
Let x(z) = 7*z**3 + 1076*z**2 + 769*z + 620. What is x(-153)?
8
Let n(f) = -436*f + 19813. Determine n(45).
193
Let n(z) = z**2 + 1799*z - 40022. Calculate n(22).
40
Let s(y) = -y**3 - 31*y**2 + 291*y + 158. What is s(8)?
-10
Let u(d) = -147*d - 16217. Determine u(-108).
-341
Let i(k) = -563*k - 8320. Give i(-14).
-438
Let u(g) = g**3 - 117*g**2 + 375*g - 3851. Give u(114).
-89
Let r(l) = l**2 - 36151*l + 505921. Calculate r(14).
3
Let c(z) = 10140*z - 60967. Give c(6).
-127
Let q(w) = 313*w**3 - 583*w**2 - 95*w + 23. Calculate q(2).
5
Let c(f) = -f**2 + 5181*f + 62496. Determine c(-12).
180
Let m(l) = -5*l**3 - 288*l**2 - 2012*l - 235. Give m(-8).
-11
Let s(h) = -2313*h + 68739. Determine s(30).
-651
Let n(k) = -k**3 - 36*k**2 - 113*k - 2183. Calculate n(-35).
547
Let l(k) = k**3 - 218*k**2 + 4655*k - 17. Calculate l(24).
-41
Let v(a) = 7383*a + 4038533. What is v(-547)?
32
Let k(x) = -3*x**2 + 135*x - 1786. Calculate k(33).
-598
Let z(g) = -9*g**3 + 127*g**2 - 2*g - 476. What is z(14)?
-308
Let w(i) = 6*i**2 - 68*i - 445. Give w(12).
-397
Let h(m) = -516*m - 152751. Give h(-296).
-15
Let x(g) = -g**2 + 1039*g - 269710. Give x(533).
-12
Let n(z) = -7412*z + 7319. What is n(1)?
-93
Let b(m) = -m**3 - 148*m**2 + 231*m + 12223. Determine b(-149).
5
Let n(r) = 5*r**2 + 3808*r + 11415. Determine n(-3).
36
Let m(o) = 3*o**2 - 864*o + 5956. Determine m(7).
55
Let v(z) = z**3 + 487*z**2 + 25221*z + 12545985. Give v(-488).
-7
Let v(y) = -4300*y + 25789. What is v(6)?
-11
Let s(g) = 2*g**3 - 82*g**2 + 404*g + 2458. What is s(34)?
10
Let o(b) = -b**2 + 242*b - 1878. Determine o(8).
-6
Let v(h) = -h**3 + 299*h**2 - 915*h + 8039. Determine v(296).
47
Let n(t) = 16*t**2 + 5*t - 580. Give n(6).
26
Let c(m) = -501*m**2 - 253*m + 505. Determine c(2).
-2005
Let i(n) = -204*n - 1209. Give i(-7).
219
Let v(g) = 152*g**2 - 3579*g + 1916. What is v(23)?
7
Let m(w) = 1154*w - 1626. What is m(1)?
-472
Let a(h) = 111*h + 26062. Calculate a(-237).
-245
Let z(b) = b**2 - 185*b + 7070. Calculate z(141).
866
Let y(t) = -182*t**2 + 14208*t - 211814. Give y(58).
2
Let g(y) = 6*y**2 + 1102*y + 37218. Calculate g(-139).
-34
Let j(x) = -8*x**3 + 138*x**2 - 149*x - 54. Determine j(16).
122
Let a(t) = -612*t**2 + 3473*t + 15. Determine a(6).
-1179
Let g(r) = 88*r - 15125. Determine g(176).
363
Let p(v) = v**3 + 23*v**2 - 299617*v + 3923. What is p(-559)?
10
Let u(i) = -2261*i**2 + 22622*i - 71. Calculate u(10).
49
Let l(z) = 4014*z + 47941. What is l(-12)?
-227
Let p(f) = -1857*f + 542. Give p(1).
-1315
Let o(z) = -1830*z + 60389. Calculate o(33).
-1
Let g(n) = -5*n**2 - 275*n + 1345. Give g(7).
-825
Let h(b) = 310543*b - 1552704. Determine h(5).
11
Let l(p) = 3641*p + 33111. Calculate l(-9).
342
Let r(t) = 4*t**2 - 276*t + 2100. Give r(8).
148
Let t(p) = -p**3 - 176*p**2 + 402*p + 9535. Calculate t(-178).
1347
Let o(s) = s**2 - 473*s + 36802. Determine o(375).
52
Let y(c) = 7444*c + 7442. Give y(-1).
-2
Let h(j) = 7595*j + 1997485. Calculate h(-263).
0
Let q(x) = -147*x - 2973. Calculate q(-17).
-474
Let i(a) = 41*a**2 + 58*a + 235. Determine i(-6).
1363
Let f(p) = -22*p**2 + 52400*p - 52399. What is f(1)?
-21
Let n(s) = -2*s**3 - 24*s**2 + 420*s + 171. Calculate n(10).
-29
Let x(j) = 4*j**3 + 2335*j**2 + 1761*j + 7010. Give x(-583).
14
Let i(y) = 1420487*y + 8. What is i(0)?
8
Let g(o) = -o**2 + 31531*o - 441270. Give g(14).
-32
Let o(d) = -1656*d + 32963. Determine o(20).
-157
Let j(r) = 7*r**2 - 338*r - 359. Give j(47).
-782
Let t(j) = -891*j - 112294. Determine t(-125).
-919
Let a(u) = 131*u**3 + 3271*u**2 - 102*u - 49. Determine a(-25).
1
Let p(x) = -477*x + 28627. Calculate p(60).
7
Let u(x) = 311*x - 8060. Give u(24).
-596
Let y(o) = 13*o**2 - 1806*o - 79. Determine y(139).
60
Let m(z) = z**2 + 277720*z + 1943995. What is m(-7)?
4
Let h(q) = 2*q**3 - 297*q**2 + 10654*q - 537. Give h(88).
-9
Let b(f) = -f**3 - 223*f**2 + 1277*f + 379897. Calculate b(-221).
-2
Let p(h) = 20*h**2 + 3822*h - 31436. Give p(-199).
6
Let k(h) = 2*h**3 + 83*h**2 + 104*h - 835. What is k(-40)?
-195
Let t(i) = -108*i + 10948. Calculate t(102).
-68
Let a(t) = -1530*t**3 + 19890*t**2 - 482*t + 6264. What is a(13)?
-2
Let r(h) = -h**2 + 136*h + 1343. Calculate r(144).
191
Let u(k) = -7777*k + 31074. Give u(4).
-34
Let s(p) = 30*p**3 + 322*p**2 - 89*p - 42. Give s(-11).
-31
Let d(i) = 51*i - 11098. Give d(217).
-31
Let v(z) = 720*z - 105909. Give v(147).
-69
Let t(p) = -p**3 + 46*p**2 + 98*p + 2387. Calculate t(49).
-14
Let u(x) = -27866*x - 55732. What is u(-2)?
0
Let p(n) = -20269*n + 527475. What is p(26)?
481
Let x(a) = 13*a**2 + 380*a - 18. What is x(-30)?
282
Let y(m) = -172052*m + 1548440. Calculate y(9).
-28
Let c(p) = 53*p**2 + 59*p + 218. Give c(-4).
830
Let t(m) = m**2 + 130*m - 2511. Give t(-141).
-960
Let s(u) = -31*u**2 - 1024*u - 1977. Determine s(-31).
-24
Let b(l) = -l**3 + 83*l**2 - 166*l + 544. Determine b(81).
220
Let f(j) = -8*j**2 + 1026*j - 295. Calculate f(127).
975
Let c(m) = 11*m**2 + 6108*m - 30815. Give c(5).
0
Let i(t) = 2*t**3 - 152*t**2 + 1891*t + 502. Determine i(16).
38
Let h(t) = t**3 - 253*t**2 - 57171*t - 405. Give h(-144).
27
Let l(v) = 3*v**3 - 13*v**2 + 3060*v - 18535. Calculate l(6).
5
Let g(r) = -r**3 - 65*r**2 + 175*r + 90. What is g(-68)?
2062
Let z(x) = -212*x**2 - 58*x - 99. Calculate z(-4).
-3259
Let o(q) = -7401*q + 273858. Calculate o(37).
21
Let b(d) = -4*d**3 + 4*d**2 - 42*d + 298. Give b(7).
-1172
Let a(j) = 2165*j - 12185. What is a(6)?
805
Let w(v) = 33*v**3 + 4089*v - 4089. Calculate w(1).
33
Let h(s) = -54281*s - 216942. What is h(-4)?
182
Let l(v) = -13141*v - 89509. Calculate l(-7).
2478
Let c(w) = -w**3 + 58*w**2 - 821*w + 124. Calculate c(23).
-244
Let n(o) = 6*o**3 + 5311*o**2 + 863*o - 19463. Give n(-885).
7
Let l(b) = 20756*b + 62083. Give l(-3).
-185
Let a(j) = -24026*j - 216241. Give a(-9).
-7
Let k(a) = -a**2 - 205*a + 2615. Determine k(12).
11
Let k(v) = 112*v**2 + 1218*v - 7346. Calculate k(6).
3994
Let x(m) = -343*m**2 - 7475*m + 50. Determine x(-22).
-1512
Let u(f) = -2*f**3 + 242*f**2 - 505*f + 3449. Calculate u(119).
-2
Let g(f) = -236*f**2 - 20531*f + 126. Give g(-87).
39
Let a(o) = 1809*o - 227. Determine a(0).
-227
Let p(z) = 5629*z - 202641. What is p(36)?
3
Let c(v) = 3*v**3 + 2145*v**2 - 4289*v. Determine c(2).
26
Let s(x) = 291*x - 6896. What is s(15)?
-2531
Let j(p) = -11*p**3 + 202*p**2 - 44*p - 517. What is j(18)?
-13
Let n(w) = 14*w**3 - 699*w**2 - 63*w + 251. What is n(50)?
-399
Let f(q) = -42*q**2 - 939*q - 1007. Calculate f(-21).
190
Let c(z) = 2*z**3 - 45*z**2 + 281*z - 376. Calculate c(5).
154
Let c(h) = -3601*h - 4073. Give c(-1).
-472
Let g(v) = 1048739*v - 4194950. Calculate g(4).
6
Let g(q) = 2*q**3 - 2*q**2 + 28866*q - 20. Determine g(0).
-20
Let k(h) = -2042*h - 1180274. Calculate k(-578).
2
Let b(t) = 74*t**2 + 14241*t + 6380. Calculate b(-192).
44
Let v(r) = 3*r**3 - 614*r**2 - 3956*r - 11174. Give v(211).
9
Let h(c) = 8*c**2 + 31901*c + 1325730. Give h(-42).
0
Let g(m) = -m**3 - 97*m**2 + 4310*m + 422971. What is g(-96)?
-5
Let p(c) = 3*c**3 + 238*c**2 + 1419*c + 35. Calculate p(-73).
-2301
Let s(h) = -36*h - 18. Give s(-1).
18
Let y(k) = -k**3 + 19*k**2 + 2480*k - 7099. Give y(59).
-19
Let n(t) = 3*t**3 - 99*t**2 + 596*t - 12716. Calculate n(31).
-6
Let v(k) = -853*k - 151. Give v(1).
-1004
Let x(o) = -2*o**2 - 1498*o - 86410. Determine x(-63).
26
Let m(y) = 1775*y + 853888. Determine m(-481).
113
Let p(q) = -13*q - 493. Give p(-36).
-25
Let r(j) = 466*j + 8066. What is r(-22)?
-2186
Let y(s) = -s**3 + 204*s**2 + 5468*s + 925. Give y(228).
13
Let q(v) = 2553*v - 12812. What is q(5)?
-47
Let y(c) = c**2 - 30*c - 17167. Calculate y(-121).
1104
Let k(p) = -p**3 + 35*p**2 + 32995*p + 1048. Calculate k(200).
48
Let y(v) = -11*v**2 - 247*v - 2361. Give y(-12).
-981
Let k(f) = -7*f**3 + 1190*f**2 - 22783*f - 203. Determine k(22).
-5
Let a(j) = -566472*j - 3398810. What is a(-6)?
22
Let w(m) = -m**2 - 1092*m - 25660. What is w(-24)?
-28
Let i(z) = z - 765. Determine i(143).
-622
Let s(i) = -16*i**2 - 98*i - 68. What is s(-5)?
22
Let j(r) = 22*r**2